ulate m(207).
-138
Let y(u) = 2*u**3 - 23*u**2 + 1791*u - 17599. Calculate y(10).
11
Let k(m) = -43*m**2 - 52605*m + 138556. Give k(-1226).
18
Let u(r) = 40*r**2 - 1593*r + 1338. What is u(39)?
51
Let t(n) = -224281*n + 1569969. Determine t(7).
2
Let n(l) = -64*l**3 - 11*l**2 + 66*l - 140. Calculate n(2).
-564
Let b(d) = -d**2 - 415*d + 46641. Determine b(-507).
-3
Let d(k) = 547052*k - 3282314. Calculate d(6).
-2
Let t(w) = -15214*w - 181841. What is t(-12)?
727
Let p(r) = 9*r + 2555. Determine p(-285).
-10
Let i(v) = 354*v - 13457. What is i(47)?
3181
Let l(f) = -56019*f + 448160. Give l(8).
8
Let k(r) = -62860*r - 59779863. Calculate k(-951).
-3
Let p(c) = 570*c**2 - 20*c + 19. Determine p(1).
569
Let r(z) = 2*z**3 - 203*z**2 + 4562*z + 4143. Give r(67).
56
Let q(l) = 428*l**2 - 6882*l - 239. Give q(16).
-783
Let b(m) = -48035*m - 288120. Give b(-6).
90
Let l(n) = -13322*n - 293127. What is l(-22)?
-43
Let o(u) = 3576176*u - 7152333. Give o(2).
19
Let f(w) = 8*w**3 + 447*w**2 - 62*w - 389. Calculate f(-56).
-53
Let g(z) = -92*z + 10520. Give g(128).
-1256
Let s(t) = -t**3 - 71*t**2 + 1301*t - 118. What is s(15)?
47
Let z(i) = -1688*i - 4614. Calculate z(-3).
450
Let a(z) = 1591*z - 1260076. Determine a(792).
-4
Let o(l) = l**3 + 184*l**2 - 1152*l - 1766. Give o(-190).
514
Let i(b) = 3491*b + 10520. What is i(-3)?
47
Let k(t) = -2*t**2 + 231*t + 1199. What is k(-5)?
-6
Let b(r) = 1112*r + 63345. Calculate b(-57).
-39
Let g(h) = 1153*h + 24696. What is g(-21)?
483
Let m(s) = s**3 + 3*s**2 - 534*s + 2362. Determine m(0).
2362
Let i(n) = -22*n**3 - 197*n**2 + 6*n - 18. Determine i(-9).
9
Let t(x) = -49355*x + 98765. Calculate t(2).
55
Let u(d) = 156*d**2 - 1113*d + 153. What is u(7)?
6
Let w(z) = -z**3 + 41*z**2 - 109*z - 7. What is w(3)?
8
Let g(o) = 308*o - 20382. Give g(66).
-54
Let m(d) = 7*d**2 - 877*d - 7193. What is m(133)?
-11
Let o(g) = -3*g**3 - 10*g**2 - 3779*g - 15148. Determine o(-4).
0
Let i(s) = 3021*s + 3033. Give i(-1).
12
Let i(o) = 5*o**3 + 722*o**2 - 9063*o - 2236. Give i(-156).
104
Let h(i) = 2374*i - 17096. Calculate h(8).
1896
Let m(u) = -3*u**2 + 8712*u + 43625. What is m(-5)?
-10
Let j(h) = -307309*h + 3073087. Give j(10).
-3
Let c(m) = m**3 - 21*m**2 - 157*m - 80. Calculate c(-7).
-353
Let o(w) = -21*w**2 + 29*w + 188. Give o(-3).
-88
Let j(z) = -2946*z - 23244. What is j(-8)?
324
Let a(s) = -s**3 - 117*s**2 - 2660*s + 587. What is a(-86)?
71
Let c(p) = 2*p**3 - 40*p**2 + 198*p + 6. Give c(9).
6
Let p(o) = -2*o**2 + 558*o + 27714. Determine p(322).
22
Let b(y) = -319*y**2 - 17273*y - 32. Determine b(-54).
2506
Let r(z) = -9*z**2 - 285*z + 23911. Calculate r(38).
85
Let n(l) = 501*l - 2001. Calculate n(4).
3
Let n(u) = 2*u**2 - 236*u + 2713. Calculate n(105).
-17
Let n(g) = 5*g**2 + 1561*g + 76694. Determine n(-61).
78
Let c(y) = -6*y - 214. Determine c(3).
-232
Let w(f) = 94*f**2 - 1019*f - 154. Calculate w(11).
11
Let z(n) = -n**3 - n**2 - 115347*n - 576833. What is z(-5)?
2
Let g(y) = 4*y**2 + 11258*y + 33747. Give g(-3).
9
Let v(g) = 5*g**3 + 46*g**2 + 102*g - 22. Give v(-5).
-7
Let u(l) = -l**2 + 140*l + 6231. What is u(175)?
106
Let z(w) = -3*w**3 + 2099*w**2 - 1422*w + 16721. What is z(699)?
-55
Let z(d) = 152820*d + 305404. Calculate z(-2).
-236
Let v(l) = 20*l**3 - 6*l**2 - 62*l - 220. Calculate v(-5).
-2560
Let q(a) = 8*a**3 - 2*a**2 + 38*a + 534. Determine q(0).
534
Let n(b) = 304533*b + 11876796. Calculate n(-39).
9
Let h(q) = -11*q**2 - 4180*q - 4157. What is h(-379)?
12
Let d(n) = n**3 + 16*n**2 - 696*n - 11549. Determine d(-17).
-6
Let w(q) = -q**3 + 284*q**2 - 2706*q - 9051. What is w(274)?
265
Let k(w) = -206*w**2 + 6851*w - 52542. Give k(12).
6
Let g(t) = 1632*t + 6179. Calculate g(-4).
-349
Let a(r) = 3593*r - 50352. Determine a(14).
-50
Let f(k) = -k**3 + 381*k**2 + 1066*k + 33030. What is f(384)?
6
Let h(z) = z**3 + 68*z**2 - 350*z - 9762. What is h(-71)?
-35
Let s(h) = -177*h - 4152. Determine s(-4).
-3444
Let u(w) = -126*w + 1459. Calculate u(8).
451
Let f(d) = 32995*d + 1748732. Determine f(-53).
-3
Let o(r) = 152476*r + 457424. Calculate o(-3).
-4
Let q(y) = -y**3 + 2*y**2 - 10*y - 78. What is q(0)?
-78
Let p(q) = 9088*q - 81826. Calculate p(9).
-34
Let y(o) = 4*o**2 - 2862*o + 23957. Determine y(707).
-81
Let g(w) = -16*w**2 + 2103*w - 14829. Determine g(7).
-892
Let m(v) = v**3 - 29*v**2 + 85*v + 462. Calculate m(8).
-202
Let i(h) = -h**3 - 286*h**2 - 910*h - 17163. Calculate i(-283).
100
Let d(o) = -2*o**2 + 6186*o + 11627401. Determine d(-1318).
5
Let n(f) = 156232*f + 8280300. Determine n(-53).
4
Let h(q) = 2*q**3 + 14*q**2 + 52*q + 115. Determine h(-8).
-429
Let z(y) = y**2 + 5495*y - 310852. Give z(56).
4
Let a(x) = 553*x + 850. Determine a(-4).
-1362
Let t(n) = -120494*n - 1807415. Give t(-15).
-5
Let c(i) = 12*i**3 - 19*i**2 + 62*i - 26. What is c(4)?
686
Let l(u) = -2594*u + 28374. Determine l(11).
-160
Let j(k) = 4*k**2 - 279*k + 3859. Give j(19).
2
Let h(t) = 3*t**3 + 32*t**2 + 50*t - 39. Determine h(-3).
18
Let i(k) = -8400*k + 3696005. Determine i(440).
5
Let k(b) = 4*b**3 + 5988*b**2 + 54*b + 80834. Give k(-1497).
-4
Let g(i) = 102*i**2 + 2089*i - 6281. Determine g(3).
904
Let j(u) = -1460*u + 38183. Give j(27).
-1237
Let o(k) = -2*k**3 + 280*k + 74. Give o(0).
74
Let b(w) = -6*w**3 - 1297*w**2 - 5307*w - 1569. Calculate b(-212).
-85
Let l(t) = 4*t**3 + 14*t**2 - 1152*t - 3439. Calculate l(-3).
35
Let c(j) = 104629*j - 1778756. What is c(17)?
-63
Let r(y) = -4*y**3 + 138*y**2 + 1380*y + 158. Give r(-8).
-2
Let h(g) = 2058*g - 7400. Calculate h(4).
832
Let m(f) = 4*f**3 - 252*f**2 - 26*f + 66. Determine m(63).
-1572
Let t(d) = -87*d**2 - 408*d + 8. Determine t(-6).
-676
Let r(j) = 16*j**2 + 298*j - 139. Give r(-19).
-25
Let f(u) = -3619*u + 2804642. Give f(775).
-83
Let b(t) = t**3 - 58*t**2 + 73*t + 551. Give b(56).
-1633
Let d(i) = -3*i**2 - 139*i - 3288. Give d(-32).
-1912
Let u(w) = w**3 - 46*w**2 - 53*w + 542. Determine u(47).
260
Let p(z) = 7710*z - 1595977. Determine p(207).
-7
Let b(l) = -6774*l - 270917. Determine b(-40).
43
Let x(z) = -4*z**3 + 9*z**2 - 10*z - 5. Calculate x(4).
-157
Let a(o) = -7516*o + 879390. Calculate a(117).
18
Let t(b) = 113*b**3 - 55145*b**2 + 390*b + 47825. Determine t(488).
1
Let a(t) = 5362*t + 1115328. Give a(-208).
32
Let k(l) = -l**3 + 8*l**2 - 773*l + 6164. Give k(8).
-20
Let m(y) = y**2 + 958*y - 26666. What is m(-985)?
-71
Let g(b) = -2585*b**2 - 20684*b - 9. Determine g(-8).
23
Let c(h) = -291*h**3 + 1427*h**2 - 13*h + 15. Calculate c(5).
-750
Let k(h) = 3*h**2 + 2838*h + 449238. Determine k(-201).
3
Let j(w) = 8*w**3 - 29*w**2 + 132. Give j(7).
1455
Let z(w) = -2*w**2 + 498*w - 13274. Determine z(30).
-134
Let f(t) = -155221*t - 620902. Calculate f(-4).
-18
Let r(f) = -357*f**3 + 2*f**2 - 27*f - 29. Give r(-1).
357
Let v(w) = 2*w**2 - 247*w + 6485. Calculate v(38).
-13
Let b(r) = -4*r**3 - 6*r**2 + 6*r - 20. Determine b(-7).
1016
Let f(v) = -44*v**2 - 1896*v - 132. Give f(-43).
40
Let k(p) = -p**3 + 114*p**2 + 230*p + 876. Calculate k(116).
644
Let a(t) = 2049*t + 24116. Determine a(-12).
-472
Let v(x) = 15*x**2 + 3030*x - 1. Give v(-202).
-1
Let b(r) = 3526*r - 21185. Give b(6).
-29
Let b(o) = -1030*o - 38094. Give b(-37).
16
Let m(p) = -5*p**3 + 40*p - 603. Give m(-9).
2682
Let f(z) = -3202*z - 24652. Give f(-8).
964
Let r(i) = 3*i**2 - 699*i + 2089. Determine r(230).
19
Let l(b) = 54930*b + 988659. Calculate l(-18).
-81
Let t(u) = -50*u**2 + 5601*u + 70. Determine t(112).
182
Let u(y) = -y**3 + 2*y**2 + 271*y + 69. Give u(-15).
-171
Let m(k) = 5*k**3 + 118*k**2 + 18*k - 1094. Calculate m(-23).
79
Let o(t) = 277*t**2 + 42947*t + 1819. Determine o(-155).
-41
Let k(w) = 2*w**2 + 118690*w - 1187108. What is k(10)?
-8
Let s(c) = 2*c**2 + 371*c - 6486. What is s(16)?
-38
Let p(o) = 112716*o - 338105. Determine p(3).
43
Let c(k) = k**2 + 12037*k + 706681. What is c(-59)?
-21
Let o(x) = 5*x**3 - 433*x**2 - 8*x - 88. What is o(0)?
-88
Let l(d) = -32*d**3 - 6034*d**2 - 3413*d - 5447. What is l(-188)?
5
Let l(v) = -5*v**3 + 139*v**2 - 1630*v + 41092. What is l(27)?
-2
Let x(h) = -2*h**2 + 3365*h + 75006. Calculate x(-22).
8
Let n(j) = j**2 - 326*j + 26728. What is n(177)?
355
Let k(a) = 3*a**3 + 43*a**2 + 16*a + 862. What is k(-15)?
172
Let